vided by 17?
11
What is the remainder when 5048 is divided by 1009?
3
What is the remainder when 1062 is divided by 19?
17
What is the remainder when 181 is divided by 49?
34
What is the remainder when 137 is divided by 7?
4
What is the remainder when 259 is divided by 110?
39
What is the remainder when 133 is divided by 68?
65
Calculate the remainder when 260 is divided by 22.
18
What is the remainder when 453 is divided by 79?
58
Calculate the remainder when 1374 is divided by 8.
6
What is the remainder when 64 is divided by 18?
10
What is the remainder when 2804 is divided by 22?
10
Calculate the remainder when 270 is divided by 33.
6
What is the remainder when 4840 is divided by 16?
8
Calculate the remainder when 3886 is divided by 48.
46
What is the remainder when 40 is divided by 23?
17
What is the remainder when 237 is divided by 12?
9
What is the remainder when 47 is divided by 27?
20
Calculate the remainder when 4613 is divided by 2306.
1
Calculate the remainder when 30 is divided by 21.
9
Calculate the remainder when 895 is divided by 69.
67
Calculate the remainder when 58 is divided by 9.
4
What is the remainder when 65 is divided by 53?
12
What is the remainder when 387 is divided by 68?
47
Calculate the remainder when 4844 is divided by 97.
91
Calculate the remainder when 262 is divided by 11.
9
What is the remainder when 186 is divided by 176?
10
Calculate the remainder when 5415 is divided by 7.
4
Calculate the remainder when 41 is divided by 22.
19
What is the remainder when 485 is divided by 71?
59
What is the remainder when 894 is divided by 32?
30
What is the remainder when 66 is divided by 6?
0
Calculate the remainder when 1815 is divided by 18.
15
What is the remainder when 569 is divided by 10?
9
What is the remainder when 961 is divided by 87?
4
Calculate the remainder when 304 is divided by 7.
3
Calculate the remainder when 4881 is divided by 111.
108
Calculate the remainder when 778 is divided by 86.
4
What is the remainder when 748 is divided by 1?
0
Calculate the remainder when 73 is divided by 16.
9
What is the remainder when 160 is divided by 49?
13
Calculate the remainder when 252 is divided by 82.
6
Calculate the remainder when 5708 is divided by 1418.
36
Calculate the remainder when 167 is divided by 42.
41
Calculate the remainder when 4688 is divided by 12.
8
Calculate the remainder when 3834 is divided by 59.
58
Calculate the remainder when 916 is divided by 139.
82
Calculate the remainder when 1995 is divided by 4.
3
Calculate the remainder when 765 is divided by 248.
21
What is the remainder when 3362 is divided by 29?
27
What is the remainder when 2928 is divided by 973?
9
Calculate the remainder when 108 is divided by 40.
28
Calculate the remainder when 233 is divided by 78.
77
What is the remainder when 1103 is divided by 163?
125
What is the remainder when 1087 is divided by 9?
7
What is the remainder when 583 is divided by 37?
28
What is the remainder when 363 is divided by 44?
11
Calculate the remainder when 575 is divided by 18.
17
Calculate the remainder when 97 is divided by 27.
16
What is the remainder when 321 is divided by 81?
78
Calculate the remainder when 433 is divided by 49.
41
What is the remainder when 1637 is divided by 22?
9
What is the remainder when 2799 is divided by 80?
79
Calculate the remainder when 775 is divided by 39.
34
Calculate the remainder when 490 is divided by 3.
1
What is the remainder when 25403 is divided by 32?
27
Calculate the remainder when 2914 is divided by 36.
34
Calculate the remainder when 275 is divided by 9.
5
What is the remainder when 110 is divided by 40?
30
What is the remainder when 200 is divided by 149?
51
What is the remainder when 2795 is divided by 310?
5
What is the remainder when 179 is divided by 38?
27
Calculate the remainder when 209 is divided by 18.
11
What is the remainder when 46037 is divided by 20?
17
What is the remainder when 3229 is divided by 190?
189
What is the remainder when 474 is divided by 20?
14
What is the remainder when 392 is divided by 16?
8
Calculate the remainder when 11298 is divided by 20.
18
Calculate the remainder when 1968 is divided by 40.
8
What is the remainder when 9745 is divided by 57?
55
What is the remainder when 1402 is divided by 78?
76
Calculate the remainder when 5181 is divided by 32.
29
What is the remainder when 2971 is divided by 11?
1
Calculate the remainder when 6 is divided by 1.
0
Calculate the remainder when 269 is divided by 6.
5
What is the remainder when 1281 is divided by 367?
180
What is the remainder when 535 is divided by 463?
72
Calculate the remainder when 310 is divided by 53.
45
What is the remainder when 1687 is divided by 40?
7
What is the remainder when 926 is divided by 251?
173
What is the remainder when 3038 is divided by 78?
74
What is the remainder when 15 is divided by 2?
1
What is the remainder when 690 is divided by 33?
30
What is the remainder when 52 is divided by 10?
2
Calculate the remainder when 60 is divided by 14.
4
What is the remainder when 181 is divided by 46?
43
Calculate the remainder when 241 is divided by 202.
39
Calculate the remainder when 1757 is divided by 199.
165
What is the remainder when 388 is divided by 9?
1
Calculate the remainder when 70 is divided by 25.
20
What is the remainder when 1704 is divided by 169?
14
Calculate the remainder when 2496 is divided by 27.
12
Calculate the remainder when 294 is divided by 30.
24
What is the remainder when 819 is divided by 40?
19
What is the remainder when 656 is divided by 236?
184
Calculate the remainder when 6602 is divided by 26.
24
What is the remainder when 1204 is divided by 55?
49
Calculate the remainder when 359 is divided by 61.
54
Calculate the remainder when 1015 is divided by 206.
191
Calculate the remainder when 7061 is divided by 107.
106
Calculate the remainder when 674 is divided by 34.
28
Calculate the remainder when 253 is divided by 43.
38
Calculate the remainder when 2895 is divided by 16.
15
Calculate the remainder when 619 is divided by 202.
13
Calculate the remainder when 91 is divided by 16.
11
Calculate the remainder when 667 is divided by 215.
22
Calculate the remainder when 1724 is divided by 247.
242
What is the remainder when 63 is divided by 16?
15
Calculate the remainder when 735 is divided by 202.
129
What is the remainder when 646 is divided by 11?
8
Calculate the remainder when 354 is divided by 7.
4
What is the remainder when 1037 is divided by 96?
77
Calculate the remainder when 965 is divided by 22.
19
What is the remainder when 214 is divided by 55?
49
What is the remainder when 5781 is divided by 49?
48
What is the remainder when 2434 is divided by 57?
40
Calculate the remainder when 338 is divided by 14.
2
Calculate the remainder when 439 is divided by 107.
11
Calculate the remainder when 29311 is divided by 8.
7
What is the remainder when 122 is divided by 22?
12
Calculate the remainder when 295 is divided by 4.
3
Calculate the remainder when 232 is divided by 71.
19
Calculate the remainder when 90 is divided by 49.
41
Calculate the remainder when 201 is divided by 95.
11
What is the remainder when 330 is divided by 42?
36
What is the remainder when 211 is divided by 188?
23
What is the remainder when 182 is divided by 36?
2
What is the remainder when 16 is divided by 8?
0
Calculate the remainder when 1354 is divided by 40.
34
What is the remainder when 72 is divided by 3?
0
What is the remainder when 234 is divided by 12?
6
What is the remainder when 193 is divided by 29?
19
What is the remainder when 376 is divided by 133?
110
What is the remainder when 127 is divided by 36?
19
What is the remainder when 49658 is divided by 20?
18
Calculate the remainder when 292 is divided by 49.
47
Calculate the remainder when 28 is divided by 12.
4
Calculate the remainder when 473 is divided by 37.
29
Calculate the remainder when 73 is divided by 20.
13
Calculate the remainder when 230 is divided by 65.
35
What is the remainder when 551 is divided by 31?
24
What is the remainder when 155 is divided by 6?
5
Calculate the remainder when 6213 is divided by 2069.
6
What is the remainder when 2122 is divided by 353?
4
What is the remainder when 315 is divided by 38?
11
Calculate 